11, 23
Let o = -837 - -4527. List the prime factors of o.
2, 3, 5, 41
Let h(q) = q**3 + 7*q**2 - 17*q + 9. Let y be h(-9). Suppose y = 9*x - 7*x - 68. Suppose -x*r = -28*r - 1170. List the prime factors of r.
3, 5, 13
Suppose 8493 = 2*m - 5*s, 1085*m - 38160 = 1076*m + 3*s. What are the prime factors of m?
3, 157
Let h(m) = 36*m + 31. Let d be h(4). Let s = 496 + d. What are the prime factors of s?
11, 61
Suppose -53*v + 305142 = -169183 - 387243. What are the prime factors of v?
2, 127
Let k = 7612 + 969. What are the prime factors of k?
8581
Suppose -5*c + 1 = 3*l, -l + 2 = -2*c - 2. Let s be (l/(-8))/((-8)/4064). Let w = -12 + s. What are the prime factors of w?
5, 23
Suppose 0 = 3*a + 6, -2*a = -4*t + 3*a + 342. Let i = t + 19. Let j = -64 + i. What are the prime factors of j?
2, 19
Suppose 0 = n - 51 + 132. Suppose -2083 = -30*p - 30*p + 3317. Let u = p + n. List the prime factors of u.
3
Let t(v) = -2*v**2 - 191*v + 600. List the prime factors of t(-73).
3, 5, 7, 37
Let m = 128 - 67. Let o(p) = -p**3 + 5*p**2. Let j be o(6). Let b = m + j. What are the prime factors of b?
5
Let s(a) = 30*a + 35. Suppose 20 = -2*u + y - 0, -23 = 3*u + 2*y. Let x(t) = 15*t + 18. Let j(p) = u*x(p) + 4*s(p). What are the prime factors of j(-11)?
11, 13
Suppose -4*z + 133 = 2*s + 7, -5*s + 324 = z. Let n = s - 117. Let p = n - -107. What are the prime factors of p?
5, 11
Let n = -48721 + 81547. List the prime factors of n.
2, 3, 5471
Let n be 22/(-44)*8/(-2). Suppose 3 = y + 2*h, -11*h = y - 8*h - n. What are the prime factors of y?
5
What are the prime factors of (-18 - (-1105)/51)/(1/1455)?
5, 11, 97
Let g(w) = -29*w - 9. Suppose -6 = 4*c - 2. Let j(o) = -3*o**2 + 2*o + 2. Let k be j(c). List the prime factors of g(k).
2, 3, 13
What are the prime factors of (-237960)/288*(-5 + 1)?
5, 661
Let q(o) = o**3 - 61*o**2 - 76*o - 17. What are the prime factors of q(63)?
13, 241
Let l(t) = 4*t**2 - 3*t + 4. Suppose 3*g + r = -38, g + 4*r + 0 = -9. Let a = 16 + g. What are the prime factors of l(a)?
31
Suppose 9*x + 1014 = 6*x. Let p = 563 + x. Suppose -5*a = -p - 55. List the prime factors of a.
2, 7
Let v be -6*12/9 + (-5 - -10). What are the prime factors of ((-15)/v - -83) + 5?
3, 31
Let u(s) = -s**2 + 3*s - 23. Let a be u(8). Let q = 250 + a. List the prime factors of q.
11, 17
Suppose -2*z + 3*h + 358 = 2*z, -4*z + 360 = -4*h. Suppose 0 = -5*f + 15, -2*t - 5*f = -9*f - z. List the prime factors of t.
2, 5
Let z = 27 - -16. List the prime factors of (-28 - 0)*(33 - z).
2, 5, 7
Let k(q) = -3*q - 6. Suppose -3*r + 1 - 2 = -d, d = -r - 7. Let g be k(r). Suppose 2*o + g*o - 243 = -3*f, 5*o + 15 = 0. List the prime factors of f.
83
List the prime factors of (-56)/8 - (-487)/(655/(-165) - -4).
2, 251
Let d(m) = -m**3 + 14*m**2 - 15*m + 28. Let i be d(13). Let n be -1 + i + (-8)/(-4). Let q(t) = 2*t**3 - t**2 - 2*t - 2. List the prime factors of q(n).
37
Suppose 0 = 2*w + d + 2, -5*w + d = -4*d - 10. Suppose -i + 18 - 18 = w. Suppose i = -o, -2*s + 112 = -6*o + o. List the prime factors of s.
2, 7
Let v be (-53608)/(-10) + (-16)/20. Suppose -209*y = -201*y - v. List the prime factors of y.
2, 5, 67
Let l = 2514 - -26. List the prime factors of l.
2, 5, 127
Suppose b - 458 + 721 = 0. Let n = 631 + b. List the prime factors of n.
2, 23
Suppose 132 = p + 125. List the prime factors of (-4 + p - -126)/((-12)/(-80)).
2, 5, 43
Let f be (0 + (-2)/5)*-545. Suppose -1250 = -4*d + 2*y - 4*y, -3*d + y = -945. Let c = d - f. What are the prime factors of c?
2, 3
Suppose 0 = 71*o - 193*o + 3627304. What are the prime factors of o?
2, 7433
Let k(c) = 2548*c + 2416. List the prime factors of k(16).
2, 2699
Suppose -2 = 3*g - 2*u, 6 = -3*g - 0*u + 3*u. Suppose 3*m - 32 = -5*q, -2*q + 98*m = 99*m - 13. What are the prime factors of g + -1 + 0 + 721/q?
2, 13
Let j(n) = 236*n**2 - 235*n + 3742. What are the prime factors of j(14)?
2, 11677
Let m(o) be the third derivative of o**5/60 - o**4/4 - 11*o**3/3 - 8*o**2 - 5*o. What are the prime factors of m(-4)?
2, 3
Suppose y - 37953 = -5*p, -133 = -p - 135. What are the prime factors of y?
37963
Let h = -61916 + 96141. List the prime factors of h.
5, 37
Suppose 83713 + 229 = 38*u. List the prime factors of -6 + (-315)/(-54) + u/6.
2, 23
What are the prime factors of 6524/(-466)*(-31883)/7?
2, 31883
Let q = -2324 + 3507. What are the prime factors of q?
7, 13
Let x = 184 + -593. Let i = x + 1033. What are the prime factors of i?
2, 3, 13
Let x = -1000 + 1028. Suppose -x*h + 8280 = -24*h. List the prime factors of h.
2, 3, 5, 23
Let j(v) = -37*v**3 + 8*v**2 - 6*v + 8. Let r(m) = -38*m**3 + 7*m**2 - 6*m + 9. Let k(q) = 5*j(q) - 6*r(q). List the prime factors of k(2).
2, 167
Suppose 0 = -4*c - 3*s + 31, 3*s + 5 = -5*c + 40. Let t be (0 - -3 - 3)/(-6 - -8). List the prime factors of (354/(t + 2))/(3/c).
2, 59
Suppose 0 = -4*s - 5*i - 52, 4*s = -11*i + 10*i - 36. Let h(y) = -7*y + 67. List the prime factors of h(s).
3, 41
Suppose 60*v - 22*v - 336072 = 0. What are the prime factors of v?
2, 3, 11, 67
Let b(r) = 192*r**2 + 341*r + 4053. What are the prime factors of b(-12)?
3, 9203
Let z = 1584 + -900. Let v = z + -343. List the prime factors of v.
11, 31
Suppose 0 = 51*c - 45*c - 51072. Suppose -23*q + c = -9*q. List the prime factors of q.
2, 19
Suppose -54*k - 6336 = -30*k. Let q = k + 846. What are the prime factors of q?
2, 3, 97
Suppose -15*h - 6*h = 6*h - 40608. What are the prime factors of h?
2, 47
Let n be (12/22 + 1135/(-165))*45. Let b(o) = -3*o**3 - 2*o**2 + 7. Let s be b(5). Let p = n - s. List the prime factors of p.
7, 19
What are the prime factors of 3/(6*13/595842)?
3, 7639
Suppose 6*z - 112 - 68 = 0. Suppose -z*c = -29*c. Suppose 3*n + 4*l + 0*l - 219 = c, -l + 348 = 5*n. List the prime factors of n.
3, 23
Let q(b) = 13*b - 170. Let n be q(11). List the prime factors of (72/n)/(-1 - 814/(-816)).
2, 17
Let q = 2281 + -667. List the prime factors of q.
2, 3, 269
Let n = -546 - -552. Let s(t) = 4*t**3 - 13*t**2 + 4*t - 3. What are the prime factors of s(n)?
3, 139
Let z(t) = 3*t - 13. Let f(o) = 4*o - 13. Let u(q) = -6*f(q) + 7*z(q). Let m be u(-5). List the prime factors of (m - 2 - -1) + 45.
2, 23
Suppose -11*b = -6242 - 12590. Suppose -3*z - o + 1717 = 0, 3*z - 10*o + 6*o = b. What are the prime factors of z?
2, 11, 13
Let f(s) = s + 3. Let p be f(0). Suppose 5*m = -p*w + 158, -157 = -2*w + 2*m - 41. Suppose -i + 3 = -0*i, -c + 3*i = -w. What are the prime factors of c?
5, 13
Let p = -318 + 500. Let u be (-34)/51 - p/6. Let n = u + 125. What are the prime factors of n?
2, 47
Let g = 298 + 34935. List the prime factors of g.
11, 3203
Let q(t) = 6*t**2 - 9*t + 10. Let y be q(-7). Suppose 4*v = y + 669. Suppose -10*x = -1761 - v. What are the prime factors of x?
2, 101
What are the prime factors of 325620/62 - 4/(-62)?
2, 13, 101
Suppose -2*k = -a, -2*a + k - 6 = -3*a. Suppose -4*f = a*b - 5520, b - 109 - 1251 = 3*f. What are the prime factors of b?
5, 11
Suppose 5*u = -2*d + 23, 9 - 1 = 2*d. Suppose -2*x = -u*t + 50, -57 = -5*t + x + 31. Suppose t*s - 20*s = -522. List the prime factors of s.
3, 29
Suppose -r + 3 = 0, -4*y = -5*r - 7865 - 6640. Suppose 8*v = -1510 + y. What are the prime factors of v?
5, 53
Suppose 33*x - 1639 = -484. What are the prime factors of x/2*34 - 8?
587
Let l(u) = u**2 - 9*u + 27. Let j be l(6). Suppose 0 = -41*d - j*d + 80450. What are the prime factors of d?
1609
Let q = -156 + 136. Let f(t) = 2*t**2 + 37*t + 15. Let h be f(q). Suppose -3*u + 174 = -h. List the prime factors of u.
83
Let j(v) = v**3 + 9*v**2 + 17*v + 6. Suppose -4*i + 0*i - 28 = 0. Let y be j(i). Let p = y - -28. What are the prime factors of p?
13
What are the prime factors of 672/133 + -5 + (-4871784)/(-114)?
3, 5, 7, 11, 37
Suppose -4*m - 170 + 178 = 0. Suppose 2*t + m*q - 3*q = 1500, t - 3*q = 745. List the prime factors of t.
751
Suppose -2*a = 2*i + i - 12, -2*a - i + 20 = 0. Let x = -12 + -18. List the prime factors of a/x - (-1 - (-1341)/(-15)).
2, 3, 5
Let x = 2475 - 1324. Let u = x - 279. List the prime factors of u.
2, 109
Let j(d) = d. Let p be j(2). Suppose -p*w + 20 = 4*c, -2*w = -0*w. Suppose -c*z + 2*z = -156. List the prime factors of z.
2, 13
Let w be -1*3 + (7 - 6). Let x(u) = u**3 + 2*u**2 + 2*u + 2. Let l be x(w